k(-7).
48
Let h(k) be the second derivative of -1/2*k**3 - 3 - 1/20*k**5 - 5*k + 13/2*k**2 + 5/6*k**4. Calculate h(10).
-17
Let w = 9344 + -9318. Let m(i) = i**3 - 25*i**2 - 28*i + 41. Calculate m(w).
-11
Let v(x) = 16*x**2 - 64*x + 1. Let d(b) = -2*b**2 + 158*b - 452. Let i be d(76). Give v(i).
1
Let s(m) = m**3 - 17*m**2 + 13*m - 219. Let n be s(17). Let c(k) = 2*k**3 - 2*k**2 + 4*k - 3. What is c(n)?
13
Suppose 166 = -14*o - 25*o + 829. Let y(z) = 2*z**2 - 35*z + 20. What is y(o)?
3
Let b(d) = -8*d + 4. Let k = 2384 - 2370. Give b(k).
-108
Let q(g) = -12*g - 1. Let b(t) = 63*t + 7. Let r(d) = -4*b(d) - 22*q(d). Calculate r(0).
-6
Let w(p) = p - 26. Let s(g) = -g + 24. Let a(x) = 2*s(x) + w(x). Determine a(-10).
32
Suppose 168*c - 275 = 48*c + 805. Let l(z) = z - 31. What is l(c)?
-22
Let p(a) = -9*a - 16. Let l be p(-9). Suppose 53 = -4*n + l. Let m(s) = -3*s**2 + 3*s**3 - 9 - s**2 - 4*s**3 - s - n*s**2. What is m(-7)?
-2
Let n(o) = 5*o - 5. Let t be n(3). Suppose -h + 4 = 0, s = 2*h + t + 2. Let b(q) = -s*q**2 - 8 + 9*q**2 + 10*q**2. What is b(0)?
-8
Suppose 0 = 4*m - 15 - 9. Let f(g) be the third derivative of -g**5/30 + 13*g**4/24 - 5*g**3/6 - 2*g**2 - 37594. Determine f(m).
1
Let f(q) = 2*q - 2. Let m be f(3). Let z(h) = 69201 + 4*h**2 - 69211 - 3*h**2 - 3*h. Let y be z(m). Let o(u) = -u**2 - 9*u - 9. What is o(y)?
9
Let g be ((-2)/5)/(32/(-80)). Let l be g/(3 - (-77)/(-28)). Let j(s) = s**3 - 4*s**2 + s - 5. Calculate j(l).
-1
Let a(v) be the second derivative of -v**4/12 + 5*v**2/2 - 32*v. Suppose 0 = -2*m - 2*u + 2, 9 = -18*u + 15*u. What is a(m)?
-11
Suppose 0 = -8*o + 2 + 70. Suppose -o*a + 63 = 9. Let b(w) = 2*w + 3 - 2 + 6 + 3 - 3. Determine b(a).
19
Let l = 396 - 393. Let q(z) = z**2 - 2. Let n(j) = -2*j**2 + 3. Let u(a) = l*n(a) + 7*q(a). What is u(6)?
31
Let i(v) = -3*v + 13*v**3 + 8*v**3 - 3*v**2 - 4 + 12*v**3 - 34*v**3. Calculate i(-2).
-2
Let c(l) = 49*l - 102*l + 5*l**2 - 71 - 28*l. Let b(s) = -s**2 + 16*s + 14. Let h(r) = 11*b(r) + 2*c(r). What is h(13)?
25
Let c(m) = m**2 + 3*m + 5. Let l = 317 + -114. Let i = l - 208. What is c(i)?
15
Suppose -16*x - 13806 = 2*x. Let k = x + 761. Let h(i) be the first derivative of -i**3/3 - 7*i**2/2 + 2. Give h(k).
6
Let s(v) = -14*v + 67. Suppose -2*m = -b - 13, -3*b = 4*m + 44 - 95. Calculate s(m).
-59
Let m(n) = 92*n**2 - 28*n + 52. Let l(y) = 29*y**2 - 9*y + 17. Let x(b) = 19*l(b) - 6*m(b). What is x(0)?
11
Let a(t) = -t + 10. Let l be a(7). Let s(j) = -9*j**2 - 5*j**2 + l*j + j**2 - 1 - 2*j. Let x(f) = f**3 - 14*f**2 + 31*f + 23. Let i be x(11). Give s(i).
-13
Let w(t) be the third derivative of t**4/12 + t**3/6 + t**2 - 36. Let d be w(-4). Let y(r) = -r**3 - 8*r**2 - 9*r - 9. Determine y(d).
5
Let o = -777 - -772. Let v be (5/15)/(o - 151/(-30)). Let k(r) = -r**2 + 10*r - 2. Give k(v).
-2
Let z be 0*(54/30 + -2). Let v(w) = w**2 + 2*w**2 - 2*w + w**3 - 2*w**2 - 1 + z*w**2 + w. Calculate v(2).
9
Let g(w) = 2184 - 10*w**3 - 3*w - 2182 + 3*w**2 + w**2 + 0*w + 8*w + 11*w**3. Let c = -12 + 7. Calculate g(c).
-48
Let s = 38697 + -38678. Let m(o) = o**3 - 18*o**2 - 12*o - 3. Give m(s).
130
Let a(q) = -q**2 + 2*q - 2. Let v(p) be the second derivative of -p**4/4 + 5*p**3/3 + 9*p**2 + 24*p. Let o be v(-9). Let m be o/(-60) - (-2)/(-8). Give a(m).
-17
Let k(w) = -w**3 - 9*w**2 - 6*w + 11. Let r be k(-8). Let m(t) be the third derivative of t**6/120 + t**5/10 + t**4/4 + 641*t**2. Calculate m(r).
-5
Let q(s) be the second derivative of -1/2*s**2 - 1/6*s**4 + 19 - 1/20*s**5 + 1/6*s**3 - 3*s. Suppose 0 = -5*a - 5*u - 7 - 8, 0 = -u - 1. Give q(a).
-3
Let g(d) = 811*d - 3 + 820*d + 820*d + 2*d**3 - 3274*d + 3*d**2 + 817*d. Give g(-3).
-12
Suppose -4*d + 2*d + 6 = 0. Let u(y) be the first derivative of 6 - 1/2*y**2 - 1/4*y**4 + y**3 - y. Give u(d).
-4
Let z(j) = -9 - 11*j + 7*j + 11 + 14. Suppose -8*h - 2*h - 6 = -36. What is z(h)?
4
Let i(j) = 19*j**3 - 3*j**2 - j - 1. Let p(z) = z**2 + 8*z - 5. Let l be p(0). Let t(w) = -39*w**3 + 7*w**2 + 3*w + 2. Let o(k) = l*i(k) - 2*t(k). Give o(1).
-16
Let w(y) = y**3 - 3*y**2 + 11. Let c(i) = -35*i - 1855. Let b be c(-53). Determine w(b).
11
Suppose -765*t + 764*t + 2*z = -5, t + 2*z = 1. Let a(k) = 7*k**2 - 4*k + 4. Determine a(t).
55
Let v(y) = -3*y + 5. Let u be 206/(-4) + 2/(-4). Let g = u - -18. Let z = 41 + g. What is v(z)?
-16
Let q(j) = -j + 13. Suppose -36*x = -90 + 18. Suppose -5 = -b - b + n, x = -b + 5*n. What is q(b)?
10
Let l(u) be the first derivative of -u**4/4 + 2*u**3 - 5*u - 1758. Calculate l(7).
-54
Let i(w) be the second derivative of -w**4/3 + w**3/2 + 9*w**2/2 - 6363*w. Give i(-3).
-36
Let m(i) = 2608 - 1303 - 1304 - 4*i. Let c(f) = 3*f - 3. Let n(o) = o - 1. Let t(v) = c(v) - 4*n(v). Let h(u) = m(u) - 3*t(u). What is h(-7)?
5
Let v be 204/15 - 18/30. Suppose -1 = x, 0 = -f + 2*f + x - v. Let c(b) = -12*b + 11*b - b**2 - f + 2*b - 3. Determine c(0).
-17
Let p(b) = -2*b + 5. Let j be p(1). Suppose m = 2*c + j*c + 68, -5*m = -15. Let q(t) = -t**2 - 15*t - 15. Give q(c).
11
Suppose 29*h + 4*h = 4*h - 261. Let w(b) = b**3 + 8*b**2 - 7*b - 2. Give w(h).
-20
Let x = -118 + 365. Suppose x = -10*f - 313. Let n = f - -56. Let a(y) = -y**2 + 5. Give a(n).
5
Let j(l) be the first derivative of 5*l**2 - 32*l - 2184. Calculate j(5).
18
Let g(f) = -12*f**3 - 2*f**2 - f + 2. Let y = -18214 + 18216. Determine g(y).
-104
Let o(x) = -2*x + 3. Suppose -2*p = -3*w - 16, -2*p + 19 - 7 = -w. Suppose 4*i + 50 = p*u + 9*i, 4*i - 49 = -5*u. Determine o(u).
-15
Let i(y) = y**3 - 4*y**2 - 9*y - 22. Let f be i(6). Let v = f + 3. Let l(u) = -u**2 - u - 1. Let o(h) = -h. Let j(t) = v*l(t) - 5*o(t). Give j(-6).
1
Let l(p) be the third derivative of p**6/120 - p**5/20 - p**4/4 - 5*p**3/6 + p**2. Suppose 50*j + 22*j = -77*j + 745. Calculate l(j).
15
Let t(y) = 2*y. Let o(p) = -3*p - 12. Let j(k) = 25*k + 97. Let v(u) = 6*j(u) + 51*o(u). Let q = 1247 + -1256. Let x be v(q). What is t(x)?
-6
Suppose 3*i = -l + 16, -2*l - 8 = 2*i - 20. Suppose 0 = -v + i*m + 10 + 25, 0 = -v + 3*m + 25. Let c(j) = j**3 - 9*j**2 - 10*j + 1. Calculate c(v).
1
Let l(i) = 93*i - 161*i - 13 + 1 + 73*i. Calculate l(3).
3
Let m = -232 - -234. Let x(j) = m + 3*j + j**2 + 0*j**2 + 4*j**2 - 2*j**2 - j**3. Suppose -5*a + 18 = -2. Give x(a).
-2
Let n(r) = 4*r**2 - 8 + 9960*r**3 + r + 4 - 9962*r**3. What is n(3)?
-19
Let o(d) be the first derivative of 1/20*d**5 + 33 + d**2 + 33*d + 5/6*d**3 - 5/12*d**4. Let q(j) be the first derivative of o(j). Determine q(4).
6
Suppose 211 = -4*c + 251. Let j(g) = 11*g**3 - 19*g**2 - 19*g - 31. Let l(m) = -7*m**3 + 13*m**2 + 13*m + 21. Let v(s) = 5*j(s) + 8*l(s). Calculate v(c).
3
Let j(g) be the third derivative of g**5/30 - g**4/24 - g**3/2 - 54*g**2 + 17. Give j(-5).
52
Let v(o) = -o**3 - 9*o**2 + 10*o - 27. Let b(f) = 2*f**2 - 6*f - 2119. Let u be b(34). Determine v(u).
105
Suppose -5*h = -n + 20, 17*n + 3*h - 92 = 15*n. Let w be 0 - ((-6)/8)/((-10)/n). Let v(s) = s**3 - s**2 - 2*s + 2. Calculate v(w).
-28
Let n(r) = 5*r - 103*r**2 + 14 - r**3 + 199*r**2 + 60 - 110*r**2. Calculate n(-14).
4
Let r(s) = -s**2 + s + 71. Let x be -16 - -21 - (-5)/(-1 + 0). What is r(x)?
71
Let y be 3/(-1) - 0 - -2. Let u(b) = 40864*b**2 - 20431*b**2 - 20430*b**2. Give u(y).
3
Let v(y) = y**3 - 12*y**2 + 59*y - 10 - 100*y + 38*y. Give v(12).
-46
Let b(k) = -k**2 + 1. Let i(m) = -m**2 + 32*m - 2. Let a be i(32). Let v be 0 + (a/(-3))/((-2)/(-9)). Calculate b(v).
-8
Let t(s) = s**3 + 8*s - 8. Let o = -4152 - -4153. Give t(o).
1
Suppose -3*h + 5 = -z, 25 = 4*h + 9*z + 8. Let x(y) = -2*y - 5. Let b be x(-4). Let p(m) = m**3 - 7 + 8*m + 0*m**3 - 8*m**2 - h*m**b. Give p(-9).
2
Let n(a) = 6*a - 3. Let l(i) = -i**3 + 22*i**2 + 25*i - 41. Let x be l(23). Let o be (6/x)/((-93)/10 + 9). Calculate n(o).
-27
Let z be (21/(-6))/(4/(-8)). Let v(b) = 3 + 3*b + 90*b**2 + 17*b**3 - b - 83*b**2 - 8*b**3 - 10*b**3. Calculate v(z).
17
Let c(y) = -y**2 + 7*y - 5. Let g(l) = 2*l**2. Let i be g(1). Let v(t) = -3*t**2 + 13*t - 10. Let q(j) = i*v(j) - 5*c(j). Calculate q(-7).
19
Let q(a) = a**2 - 4*a - 4. Let k be (-39 - -4)*3/(-5) + 4. Suppose 38 = k*i - 62. What is q(i)?
-4
Let q(y) be the first derivative of y**4/4 + 11*y**3/3 + 21*y**2/2 + 26*y - 47. Let v be q(-9). Let s(l) = 3*l - 2. Give s(v).
